s divided by 67.
33
Let x(b) = -b**3 + b**2. Let q be x(0). Suppose q - 10 = f. What is the remainder when (-14 - f) + 3*3 is divided by 4?
1
Let d = -1 - 19. Let b = d - -27. Suppose 0 = 3*f - 5*j - 50, -64 = -5*f - 5*j + 46. Calculate the remainder when f is divided by b.
6
Suppose -19 = -5*v + 4*g, 0 + 5 = -5*g. What is the remainder when v is divided by (-5)/10*((-2)/(-2) + -3)?
0
Let g = -6 - -7. Let p(l) = l**3 + 5*l**2 + 3*l - 3. Let w be p(-4). Calculate the remainder when 52 is divided by (w + 1)/(g/7).
10
Suppose -3*p = 3*g - 189, 2*g - 3*p = -0*g + 131. Suppose -4*t = -0*t - g. Calculate the remainder when 30 is divided by t.
14
Let r(d) = 12*d + 375. Suppose 2*i + 34 = 4*t - i, 0 = -4*t + 2*i + 32. Calculate the remainder when r(-29) is divided by t.
6
Suppose 0*d - 4 = -2*d. Suppose d*w = 5*w - 39. Calculate the remainder when -3 - ((-2)/(-8) - 2130/40) is divided by w.
11
Let u(v) = v**3 - 7*v**2 + 6*v + 5. Let l = -3 + -3. Let t be ((-63)/28)/(l/16). What is the remainder when 18 is divided by u(t)?
3
Let s(c) = -c + 2. Suppose 3*u = 5*u + 18. Let n be s(u). What is the remainder when 46 is divided by (n - -1)*(-7 - -8)?
10
Let c = 4136 + -3157. Calculate the remainder when c is divided by 35.
34
What is the remainder when 12/((-2)/(288/(-27))) is divided by 10?
4
Let m(z) = -z**3 - 4*z**2 + z + 5. Let o be m(-4). Let w be (-4 + 0)/4 - o. What is the remainder when 10 is divided by (-63)/(-27) - w/3?
1
Let y(u) = -u**3 - 13*u**2 - 3*u - 19. Let d be y(-13). Suppose 8*o - 3*o - d = 0. Let m = o + 6. Calculate the remainder when 19 is divided by m.
9
Let y = 1585 + -1571. Suppose -4*o = -o - 162. What is the remainder when o is divided by y?
12
Let c(d) = 6*d**2 + 8*d - 14. Let w be c(4). Let n = -95 + w. What is the remainder when n is divided by 3?
1
Suppose 2*y - 38 = -2*d + 7*d, 5*d - 60 = -5*y. Suppose 265 = -328*b + 333*b. What is the remainder when b is divided by y?
11
Let i = -201 - -244. What is the remainder when 117 is divided by i?
31
Let g(v) = -v**3 + 7*v**2 + 2*v - 9. Let j be g(7). Suppose 4*n + 68 = j*p - 0*n, -n = p - 10. Calculate the remainder when 32 is divided by p.
8
Suppose -q - 697 = -3*z, 0 = 35*z - 34*z + 2*q - 244. What is the remainder when z is divided by 118?
116
Let d(q) = q + 46. Let j(s) = s**3 + 11*s**2 + 10*s - 21. Let v be j(-10). What is the remainder when d(v) is divided by 9?
7
Let d be 2/13 + (-222)/(-78). Suppose 0*u + u - 30 = -d*h, 0 = -2*u. Suppose -145 = -0*m - 5*m. What is the remainder when m is divided by h?
9
Let q(b) = b**2 - 30*b + 15. What is the remainder when q(30) is divided by 9?
6
Let a be 3*1 - (1 - 106). Suppose -r + a = 3*r. Suppose -7 = -h - 0. Calculate the remainder when r is divided by h.
6
Let d = -857 - -867. Calculate the remainder when (30/4)/(2/8) is divided by d.
0
Let v = -45 - -57. Suppose -w - 35 = -t, -w - 166 = -5*t + w. What is the remainder when t is divided by v?
8
Suppose 43 = 3*i - 5*z - 41, 3*i - 3*z = 78. Suppose -2*a - g = 104, 0 = 6*a - 4*a + 5*g + 88. Let u = -42 - a. Calculate the remainder when i is divided by u.
11
Suppose 53*g - 51*g + 180 = 0. Let t = -59 - g. Let w(m) = 11*m**2 + m - 1. Calculate the remainder when t is divided by w(1).
9
Let r(z) = 7*z + 293. What is the remainder when 63 is divided by r(-38)?
9
Suppose 30*y - 875 = 115. Calculate the remainder when y is divided by 19.
14
Let x = -876 - -1981. Calculate the remainder when x is divided by 79.
78
Let p(v) = -v**2 - 8*v - 3. Let r be p(-7). Suppose 8*h - r*h - 4 = 0, 0 = -5*x - 3*h + 333. What is the remainder when x is divided by 17?
15
Suppose 8 = -2*z - 5*h + 46, -5*z - 3*h + 57 = 0. Calculate the remainder when 564 is divided by z.
6
Let g = -29 + 78. Let z = 64 - g. Calculate the remainder when 148 is divided by z.
13
Let q(y) = -2*y**2 + 2*y - 5. Let c be q(-4). Let k = -31 - -8. Let g = k - c. What is the remainder when g is divided by 12?
10
Let c(u) = 7*u**3 - 3*u**2 + 15*u - 8. Let b(i) = -6*i**3 + 4*i**2 - 15*i + 8. Let z(p) = 6*b(p) + 5*c(p). What is the remainder when 54 is divided by z(4)?
26
Suppose x = -2*x + 6. Calculate the remainder when 26 is divided by (70/5)/(x - 1).
12
Let s(l) = 7*l**2 + 66*l + 137. Calculate the remainder when 2604 is divided by s(-2).
30
What is the remainder when 371 is divided by 2*49 + 79 + -84?
92
Calculate the remainder when 780 is divided by (-11)/(-66) - (4 - 454/12).
32
Let m = 27 - 26. Suppose -q - q = 4*w - 14, 2*w = -2*q + 12. Let s = q - 3. Calculate the remainder when s is divided by m.
0
Suppose -2*o + 127 = -109. Let s = o - 112. Calculate the remainder when 81 is divided by s.
3
Let i(g) = -2*g - 17. Let t be i(-8). Calculate the remainder when 89 is divided by 1/t + (-120)/(-5).
20
Let d(i) = 2*i**3 - i**2 + 2*i - 1. Let n = 10 - 9. Let h be d(n). Calculate the remainder when 5 is divided by (12/h)/((-21)/(-14)).
1
Suppose 2*t - 4*v - 2658 = 0, -2*v - 6677 = -6*t + t. What is the remainder when t is divided by 122?
117
Let a = -230 - -451. What is the remainder when a is divided by 16?
13
Suppose 0 = 43*l - 55*l + 816. What is the remainder when 405 is divided by l?
65
Let q(b) = -b**3 - b**2 + 13*b + 14. Calculate the remainder when 628 is divided by q(-4).
8
Let j(y) = y**3 + 4*y**2 - y + 1. Suppose 2*t = 3*o + 61, 5*o + 65 + 26 = 3*t. What is the remainder when j(4) is divided by t?
29
Suppose -4*b + 8 = 0, 12*u + 195 = 15*u - 3*b. Calculate the remainder when 127 is divided by u.
60
Suppose b + c - 217 = 0, 59*c = -b + 62*c + 197. What is the remainder when b is divided by 72?
68
Let b = 3 + -3. Suppose -2*a + 178 = 3*n - 0*a, -3*n + 2*a + 158 = b. What is the remainder when n is divided by 29?
27
Suppose 0 = g - 3*g + 4. Let a = g - 1. Calculate the remainder when 1 is divided by a.
0
Suppose 9*d = 1078 - 295. What is the remainder when d is divided by 11?
10
Suppose 7*m = m + 54. Let h(k) = 0*k + 9*k - k**2 + 0 + 5. Calculate the remainder when 9 is divided by h(m).
4
Suppose -2*t = -7*t + 80. Let z be 7/(-21) + (-12)/(-9). Let l = z + t. Calculate the remainder when l is divided by 6.
5
Let o = -698 + 719. Calculate the remainder when 45 is divided by o.
3
Let f = -78 - -78. Calculate the remainder when 206 is divided by (f + -6 + 5)/((-2)/26).
11
Let p(n) = -7 - 2 + n**2 + 3 + 3*n. Suppose 10 = -3*s + 2*y, 4*s + 2*y + 36 = -y. What is the remainder when 33 is divided by p(s)?
9
Suppose 240 = 4*n + n. Suppose 0 = r - 0*r + 6. Let s = r + n. What is the remainder when s is divided by 11?
9
Calculate the remainder when 30 is divided by ((-17)/(-4))/(5/20).
13
Suppose 58*o + 1 = 59*o. Calculate the remainder when 26 is divided by 4/(-10) + 148*o/20.
5
Let l(c) = -c**2 + 9*c + 7. Suppose 2*s = -5*k - 36, 0 = 3*k - 2*s - 0*s + 28. Let z = 1 - k. What is the remainder when 26 is divided by l(z)?
5
Suppose a + 8*j - 5*j = -6, -3*a = 4*j - 2. What is the remainder when 40 is divided by a?
4
Suppose -30*c + 2142 = -12*c. What is the remainder when c is divided by 16?
7
Suppose -10*d + 123 = -217. Calculate the remainder when 56 is divided by d.
22
Suppose 0 = 7*s - 97 - 295. What is the remainder when 61 is divided by s?
5
Let u be 4/(-6)*9 + 0 + 1. What is the remainder when (-165)/u*(2 + -1) is divided by ((-2)/3)/((-1)/18)?
9
Suppose -s + 10 = -3. Let i = 11 - 8. Suppose -a = -3*h - 64, -4*a + 4*h + 201 = i*h. Calculate the remainder when a is divided by s.
10
Let l = -379 - -399. What is the remainder when (81/2)/((-36)/(-48)) is divided by l?
14
Let x(f) = 3*f**2 - 4*f - 2. Suppose -5*o + 3*c + 10 = 5*c, 4*o = 3*c + 31. Calculate the remainder when x(4) is divided by 14 + (-1)/(-2)*o.
14
Let z(i) = i**2 + i + 6. Let y = 1499 - 1496. Calculate the remainder when z(0) is divided by y.
0
Calculate the remainder when 67 is divided by (2 + 33/(-11))*-67.
0
Suppose -123 = 14*l - 19*l + 3*c, 2*l - 46 = 2*c. Calculate the remainder when 807 is divided by l.
24
Let p = 46 - 17. Let j be 8 + -7 - (0 + -2) - -3. Suppose -j*z + 255 + 249 = 0. What is the remainder when z is divided by p?
26
Let p(x) = -x**2 - 28*x - 51. Let n(l) = -4*l - 1 + 0 + 3*l. Calculate the remainder when n(-3) is divided by p(-26).
0
Let i(o) = o**3 + o**2 - o + 42. Suppose 0 = v - 3*z - 1 - 24, 0 = -5*z - 25. Let f = 21 - v. What is the remaind